of 5213311.
5213311
List the prime factors of 504481.
131, 3851
List the prime factors of 3246891.
3, 19, 56963
List the prime factors of 4122434.
2, 2061217
List the prime factors of 257702.
2, 269, 479
List the prime factors of 127562.
2, 63781
What are the prime factors of 476823?
3, 158941
List the prime factors of 4386037.
107, 179, 229
List the prime factors of 1542524.
2, 385631
List the prime factors of 1679435.
5, 59, 5693
What are the prime factors of 527706?
2, 3, 19, 1543
What are the prime factors of 6546747?
3, 2182249
What are the prime factors of 8112843?
3, 901427
List the prime factors of 169458.
2, 3, 61, 463
What are the prime factors of 123594?
2, 3, 20599
What are the prime factors of 9305762?
2, 4652881
What are the prime factors of 1089141?
3, 363047
What are the prime factors of 37288?
2, 59, 79
List the prime factors of 14236696.
2, 67, 26561
What are the prime factors of 303838?
2, 43, 3533
List the prime factors of 743131.
743131
List the prime factors of 682017.
3, 7, 47, 691
What are the prime factors of 2900197?
1069, 2713
What are the prime factors of 416514?
2, 3, 7, 47, 211
What are the prime factors of 634706?
2, 317353
List the prime factors of 298173.
3, 99391
What are the prime factors of 877353?
3, 17, 17203
List the prime factors of 174341.
313, 557
List the prime factors of 97455.
3, 5, 73, 89
List the prime factors of 7559033.
17, 444649
What are the prime factors of 91622?
2, 61, 751
What are the prime factors of 4481689?
29, 73
What are the prime factors of 2765174?
2, 331, 4177
What are the prime factors of 1815634?
2, 17, 53401
List the prime factors of 12868184.
2, 7, 17, 1931
List the prime factors of 6321398.
2, 3160699
List the prime factors of 8257563.
3, 17, 31, 1741
What are the prime factors of 29792?
2, 7, 19
List the prime factors of 180682.
2, 61, 1481
What are the prime factors of 1205725?
5, 17, 2837
What are the prime factors of 99797?
23, 4339
What are the prime factors of 380080?
2, 5, 4751
What are the prime factors of 1116864?
2, 3, 7, 277
What are the prime factors of 854873?
167, 5119
List the prime factors of 491903.
89, 5527
List the prime factors of 88647.
3, 13, 2273
List the prime factors of 695675.
5, 27827
What are the prime factors of 1062416?
2, 23, 2887
List the prime factors of 486986.
2, 59, 4127
What are the prime factors of 855082?
2, 427541
What are the prime factors of 26025861?
3, 17, 510311
List the prime factors of 1859061.
3, 619687
What are the prime factors of 139085?
5, 27817
List the prime factors of 5193138.
2, 3, 107, 8089
What are the prime factors of 3493653?
3, 17, 61, 1123
What are the prime factors of 382339?
433, 883
List the prime factors of 587262.
2, 3, 13, 7529
What are the prime factors of 212146?
2, 11, 9643
List the prime factors of 12714907.
179, 251, 283
List the prime factors of 9528247.
2039, 4673
List the prime factors of 194407.
61, 3187
What are the prime factors of 513931?
11, 19, 2459
What are the prime factors of 20294567?
1933, 10499
List the prime factors of 1496528.
2, 11, 773
What are the prime factors of 3971685?
3, 5, 264779
List the prime factors of 9450952.
2, 7, 71, 2377
List the prime factors of 15465347.
53, 103, 2833
What are the prime factors of 53250?
2, 3, 5, 71
What are the prime factors of 276164?
2, 7, 1409
What are the prime factors of 303182?
2, 11, 13781
List the prime factors of 7832745.
3, 5, 174061
What are the prime factors of 9386?
2, 13, 19
What are the prime factors of 2238145?
5, 7, 13, 4919
List the prime factors of 231071.
269, 859
List the prime factors of 900924.
2, 3, 193, 389
List the prime factors of 12848.
2, 11, 73
List the prime factors of 453368.
2, 56671
What are the prime factors of 30598?
2, 15299
List the prime factors of 1371628.
2, 17, 23, 877
List the prime factors of 223849.
223849
List the prime factors of 37482957.
3, 4164773
List the prime factors of 186210.
2, 3, 5, 2069
List the prime factors of 522656.
2, 16333
What are the prime factors of 899746?
2, 379, 1187
What are the prime factors of 201285?
3, 5, 7, 71
What are the prime factors of 9335976?
2, 3, 13, 23, 1301
List the prime factors of 3560581.
19, 67, 2797
List the prime factors of 14190.
2, 3, 5, 11, 43
What are the prime factors of 764391?
3, 61, 4177
List the prime factors of 412726.
2, 17, 61, 199
List the prime factors of 353217.
3, 281, 419
List the prime factors of 2829645.
3, 5, 7, 13, 691
List the prime factors of 266950.
2, 5, 19, 281
List the prime factors of 8347390.
2, 5, 23, 36293
What are the prime factors of 580192?
2, 18131
What are the prime factors of 4469869?
4469869
List the prime factors of 673520.
2, 5, 8419
What are the prime factors of 12931451?
13, 23, 61, 709
List the prime factors of 264381.
3, 13, 6779
What are the prime factors of 133743?
3, 109, 409
What are the prime factors of 6600096?
2, 3, 7639
What are the prime factors of 4197303?
3, 11, 42397
What are the prime factors of 1486710?
2, 3, 5, 16519
What are the prime factors of 2399648?
2, 31, 41, 59
List the prime factors of 276581.
276581
What are the prime factors of 513863?
7, 10487
What are the prime factors of 317514?
2, 3, 52919
List the prime factors of 104905.
5, 20981
List the prime factors of 211889.
211889
What are the prime factors of 571166?
2, 17, 107, 157
What are the prime factors of 9020580?
2, 3, 5, 150343
What are the prime factors of 16026964?
2, 4006741
What are the prime factors of 665428?
2, 166357
List the prime factors of 8888699.
73, 121763
What are the prime factors of 9512640?
2, 3, 5, 367
List the prime factors of 124487.
11, 11317
List the prime factors of 5358.
2, 3, 19, 47
What are the prime factors of 715300?
2, 5, 23, 311
What are the prime factors of 433941?
3, 19, 23, 331
What are the prime factors of 230357?
230357
List the prime factors of 388975.
5, 15559
List the prime factors of 27977856.
2, 3, 72859
What are the prime factors of 2818453?
11, 23293
What are the prime factors of 6387101?
7, 130349
What are the prime factors of 1580620?
2, 5, 79031
List the prime factors of 8248231.
53, 155627
What are the prime factors of 650881?
7, 11, 79, 107
What are the prime factors of 163392?
2, 3, 23, 37
List the prime factors of 72519.
3, 23, 1051
What are the prime factors of 4818460?
2, 5, 89, 2707
What are the prime factors of 5437773?
3, 11, 17, 359
List the prime factors of 2275554.
2, 3, 19, 19961
What are the prime factors of 2961127?
13, 379, 601
What are the prime factors of 1240603?
7, 13, 13633
List the prime factors of 2119234.
2, 13, 81509
What are the prime factors of 3350012?
2, 837503
List the prime factors of 791288.
2, 98911
List the prime factors of 5378978.
2, 11, 29, 8431
List the prime factors of 3355925.
5, 241, 557
What are the prime factors of 1594475?
5, 23, 47, 59
What are the prime factors of 643779?
3, 233, 307
What are the prime factors of 22929890?
2, 5, 47, 48787
What are the prime factors of 33349046?
2, 2957, 5639
What are the prime factors of 525089?
73, 7193
List the prime factors of 730999.
730999
What are the prime factors of 2420713?
163, 14851
What are the prime factors of 27040?
2, 5, 13
List the prime factors of 629998.
2, 269, 1171
What are the prime factors of 72274?
2, 36137
What are the prime factors of 376111?
457, 823
What are the prime factors of 204977?
71, 2887
List the prime factors of 2135835.
3, 5, 13, 1217
List the prime factors of 1705878.
2, 3, 94771
List the prime factors of 2251451.
2251451
What are the prime factors of 15286461?
3, 577, 8831
List the prime factors of 593282.
2, 29, 53, 193
What are the prime factors of 306362?
2, 7, 79, 277
List the prime factors of 759168.
2, 3, 659
List the prime factors of 3758848.
2, 14683
What are the prime factors of 31050035?
5, 367, 16921
List the prime factors of 163931.
17, 9643
What are the prime factors of 2257244?
2, 11, 29, 61
List the prime factors of 6037511.
6037511
List the prime factors of 527373.
3, 7, 11, 761
List the prime factors of 349725.
3, 5, 4663
List the prime factors of 574789.
574789
List the prime factors of 9743118.
2, 3, 7, 11, 21089
List the prime factors of 3795935.
5, 11, 13, 5309
List the prime factors of 4468184.
2, 7, 73, 1093
What are the prime factors of 1444532?
2,